reds digit of t(-10)?
1
What is the units digit of (-7 + (-1)/1)/(37/(-3996))?
4
Let l = 332 - 24. What is the hundreds digit of l?
3
Suppose -5*j - 82*n = -84*n - 4783, 4*j - 3*n - 3825 = 0. What is the units digit of j?
7
What is the hundreds digit of ((-4)/14)/(4/(-22918))?
6
Let l be (-30)/(-4) - 5/10. Let n be 4/(-14) - (-30)/l. Suppose -n*u - 13 = -49. What is the units digit of u?
9
Suppose -629 = 8*l + 427. Let p = l - -193. What is the tens digit of p?
6
Suppose 29172 = -39*l + 51*l. What is the thousands digit of l?
2
Let r = -1141 + 2183. What is the tens digit of r?
4
Let k = 37 + -41. What is the units digit of k/30 + (-6852)/(-90)?
6
Let k = -50 + 52. Suppose 3*m = -k*i + 109 + 42, -2*m + 94 = -2*i. What is the units digit of m?
9
Let x = 62 + -26. What is the tens digit of x?
3
Let c be ((-2)/(-3))/(8/2412). What is the tens digit of 2/(-2) + c + 1?
0
Suppose -4*o + 60 = -3*s, 0 = 3*o - 2*s - 3*s - 56. Suppose -2*q = -5*h + 18, 5*q = 4*h - 40 + o. What is the units digit of h?
2
Let x be 1/(-7) - (-747)/(-63). What is the hundreds digit of (12*(-16)/x)/((-1)/(-7))?
1
Let a = 49 - 53. What is the tens digit of 21/a*-4*1?
2
Suppose 0 = -2*i + 3*i - 5. Suppose 860 = -i*g + l, 0 = 4*g - 2*l - 0*l + 688. What is the units digit of (-2)/12 - g/24?
7
Suppose -995 = -x - 7*j + 8*j, -5*j + 977 = x. What is the units digit of x?
2
What is the tens digit of (0 - 3)*(-6864)/18?
4
Let x be (1 + 3)*1/2. Suppose 3*r = -3*s - 11 + 116, 0 = 4*r - x*s - 110. What is the tens digit of r?
3
Let c be (-3)/12 - 30/8. Let k be 6/(c - -2) + 2. What is the units digit of (3/3 + -2)*k?
1
Let k be (-1 + 0)/(4/16). Let y be (-3 - (k + 1)) + 0. Suppose y = -0*b + 5*b - 125. What is the units digit of b?
5
Suppose 0 = 3*z - 1 - 20. Let w(b) be the third derivative of b**6/120 - b**5/10 - b**4/8 - 2*b**3 - 7*b**2. What is the tens digit of w(z)?
1
Suppose -5*l = -1808 + 548. Suppose -2*r - l = -6*r. What is the tens digit of r?
6
Suppose -5*p + j = -7485, -23*p = -26*p - 3*j + 4491. What is the tens digit of p?
9
Let u(v) = 17 + 5*v + v**2 + 13 - 42. What is the units digit of u(-11)?
4
Suppose p - 8 = -3*m, -4*p = -0*p + m + 23. Let k(i) be the second derivative of i**5/20 + 7*i**4/12 - i**3/2 - 9*i**2/2 + 42*i. What is the tens digit of k(p)?
1
Suppose -38*r = -39*r + 8. Suppose 0 = -g + r*g - 1148. What is the tens digit of g?
6
Let w(r) = -28 - r**2 - 15*r + 6 + 3. Let b be w(-15). Let z = b + 21. What is the units digit of z?
2
What is the hundreds digit of 1736/1 + (-12)/2?
7
Let p = 27 - 12. Let x = -11 + p. Let y(a) = 6*a - 3. What is the tens digit of y(x)?
2
Let g(n) = 4*n**2 - 2*n + 8. Let f be g(2). Suppose -5*u + 0*u - f = 0, -3*y = -3*u - 51. What is the tens digit of y?
1
Suppose -3*g - 23*k = -19*k - 2708, 4*k = -g + 892. What is the tens digit of g?
0
Suppose -3 - 6 = 9*w. Let c(d) = -3*d + 4. Let u be c(-7). What is the tens digit of -3 + u + 1/w?
2
Let f(h) = -h**2 - h - 10. Let y be f(7). Let q = y - -95. Let v = -3 + q. What is the units digit of v?
6
Let z(t) = -t**3 - 15*t**2 + 16*t + 5. What is the units digit of z(-16)?
5
Let n be (2 + -3 - -121)/1. Suppose -3*o = o - n. What is the tens digit of o?
3
Suppose 9*r - 1078 = -187. Suppose 3*v - r = -2*n + 101, 4*v = -3*n + 265. What is the units digit of v?
0
Suppose l - 3 = -2. Let a(g) = 3*g**2 + g - 1. What is the units digit of a(l)?
3
Let z be 1/3 + (-2)/(-3). Suppose -2*l + 0 = -j + 11, -5*j - 5*l = 5. What is the units digit of (0 - z)/(j/(-33))?
1
What is the tens digit of (39592/(-32) + 9)/(3/(-12))?
1
Suppose 5*w = 3*z - 222, -w + z - 46 = -0*w. Let q = -23 - w. What is the tens digit of q?
1
Suppose 59 + 392 = 5*q - k, 2 = -2*k. Let g be (-114)/(-9) + (-20)/30. What is the tens digit of g/4 + q/2?
4
Suppose 6*j - 8 - 10 = 0. Suppose -4*a + 105 = -j*a. What is the tens digit of a?
0
Let l(m) be the second derivative of m**4/3 + 2*m**3/3 + m**2 - 105*m - 1. Suppose -4*p - 5*i + 2*i - 3 = 0, p - i + 6 = 0. What is the tens digit of l(p)?
2
Let v(c) = -121*c**3 + 2*c**2 - c. What is the hundreds digit of v(-2)?
9
Let q(p) = p**2 - 9*p + 6. Let m(f) = f**2 - 10*f + 5. Let l(y) = -4*m(y) + 5*q(y). What is the units digit of l(-5)?
0
Let h = -8701 - -13268. What is the tens digit of h?
6
Let o(r) = -18*r + 10*r + 13*r - 4. What is the tens digit of o(7)?
3
Let d be (1477 + -4)/(-4 - -3). What is the units digit of d/(-18) - 8/(-48)?
2
Suppose 3 = -j, 5*j + 2250 = 6*q - 3*q. What is the units digit of q?
5
Let r(n) = -n**3 + 4*n**2 + 6*n - 2. Suppose b + 0*b + 4*x = 9, 5*x = 4*b - 15. Let a be r(b). Suppose v - 26 - a = 0. What is the tens digit of v?
2
Let o(b) = 16*b**3 + 3*b**2 + 6*b - 18. What is the hundreds digit of o(4)?
0
Let j = 625 + -203. What is the units digit of j?
2
Let l be (-24)/(-18)*15*1. Let q be ((-90)/l)/((-3)/4). Suppose -114 = 4*c - q*c. What is the units digit of c?
7
Suppose 0 = q - 2*r + 7*r - 135, 5*q = -4*r + 717. Suppose -33 = -5*u - 3. Suppose -w + u*w - m = q, 2*w + m = 58. What is the units digit of w?
9
Suppose 3*q = 5*b - 584, -b - 3*q + 41 = -83. What is the units digit of b?
8
Suppose -1 = -5*z + 9. Let w be z*1 - (-72)/(-12). What is the units digit of (31 + 1)*(-2)/w?
6
Suppose 4*o = 22 - 98. Let g = -5 - o. What is the units digit of g?
4
Let x = 178 - -417. What is the hundreds digit of x?
5
Suppose 13*u + 4704 = 17*u. What is the thousands digit of u?
1
Let u = -33 + 30. What is the units digit of -4 - (-25 + u + -1)?
5
Let a(u) = 48*u**2 - 12*u - 1. What is the tens digit of a(-5)?
5
Let q(f) = 2*f**2 + 12*f - 54. Let g be q(3). Let z(y) = y**2 - y. Let x be z(0). Suppose -5*i + g*i + 190 = x. What is the tens digit of i?
3
Let j(d) = 10*d**2 - 31*d - 106. What is the hundreds digit of j(-6)?
4
Let n(u) = 470*u + 44. What is the tens digit of n(3)?
5
Let a = 190 - -235. Let b = a - 248. What is the hundreds digit of b?
1
Suppose -48*n + 16*n = -82944. What is the hundreds digit of n?
5
Let d = -22 - -25. Suppose 0 = 4*g + g + 5*q + 25, g - 7 = d*q. What is the units digit of ((-320)/24)/(g/6)?
0
Suppose 0 = -66*a + 64*a - 2*x + 3040, 3*a - 5*x = 4552. What is the hundreds digit of a?
5
Suppose -16 = 4*l + 24. Let i = l + 13. What is the units digit of ((-12)/15)/(i/(-15))?
4
Suppose 5*s + 659 = u + 23, 5*s - 666 = -u. What is the hundreds digit of u?
6
Suppose -19 = -2*m + 7. Suppose m*r - 8*r - 695 = 0. What is the units digit of r?
9
What is the hundreds digit of -7 + 3 + 4 + 1074?
0
Let w(q) = 6. Let n(c) = c - 1. Let o(y) = 24*n(y) + 3*w(y). What is the units digit of o(2)?
2
Let v(t) be the second derivative of t**5/60 - t**4/8 + t**3/2 - 3*t**2/2 + t. Let j(b) be the first derivative of v(b). What is the units digit of j(3)?
3
What is the tens digit of 5*(-1)/(-10)*138?
6
Let o be (12 - -5)/((-2)/(-2)). Suppose 18 = 7*n - o. What is the units digit of n?
5
Let q be (185/(-20))/(2/8). Let i = q - -15. Let v = i - -44. What is the units digit of v?
2
Suppose 0*f = -3*f + 18. What is the tens digit of 1 + f/3 - -102?
0
What is the tens digit of 6*66/36 - -275?
8
Let n be 3 - (-100 + -2)/3. Let w(s) = 37*s**2 - 8*s**3 + 0 - n*s**2 + 1. What is the units digit of w(-1)?
9
Suppose -4 = 4*r, 5*v - 3*r - 72 = 2*v. Let i = 25 - v. Suppose -3 - 19 = -i*a. What is the tens digit of a?
1
Let o = 611 - 390. Let m = o + -116. Suppose 5*t = 30 + m. What is the tens digit of t?
2
Suppose 0*i + i = 16. Let h = 21 + 11. Let y = h - i. What is the units digit of y?
6
Let b(y) = 3*y + 9. Let i be b(-3). Let h(s) = 5*s**2 - 4*s**2 + 5 + 3 + s. What is the units digit of h(i)?
8
Let h(f) be the first derivative of -9*f**2/2 - 6*f - 608. Suppose 0 = -5*n - 14 - 1. What is the units digit of h(n)?
1
Suppose k - 13 + 7 = 0. Suppose -k*x + 25 = -11*x. Let q(w) = -w**3 - 3*w**2 + 5*w - 1. What is the tens digit of q(x)?
2
What is the units digit of 53955/605 - (4/22 + 0)?
9
Let k(l) = 40*l + 193. What is the tens digit of k(31)?
3
Let f be (-1)/3 + 49/21. Let y(l) = l**3 - l**2 - l + 1. Let c be y(f). What is the tens digit of c/(-3) + -1 + 13?
1
Suppose -3*w = -8*w. Suppose -7*k + 4*k + 99 = w. What is the tens digit of k?
3
Let f be -3 - (-1)/1 - -11. Let p = -169 + 211. What is the units digit of p - 9/(f/2)?
0
Let b = -22 - -42. Let c be 2/3 - 44/(-6). W